8973 a multiple of 14?
False
Is 40 a factor of 3363160?
True
Is 257386 a multiple of 39?
False
Is 40 a factor of 317280?
True
Is 493 a factor of 12956533?
True
Is 20 a factor of 21535940?
True
Is 439790 a multiple of 31?
False
Does 23 divide 3153737?
True
Does 17 divide 26432?
False
Does 67 divide 1881934?
False
Is 240411 a multiple of 381?
True
Does 439 divide 5970654?
False
Is 5228 a multiple of 13?
False
Is 61 a factor of 17157?
False
Is 2613716 a multiple of 34?
True
Is 14 a factor of 4126276?
True
Is 1819162 a multiple of 3?
False
Is 241 a factor of 1897393?
True
Is 45374 a multiple of 14?
True
Is 10 a factor of 1243918?
False
Is 14 a factor of 22199625?
False
Is 109802 a multiple of 31?
True
Is 197688 a multiple of 85?
False
Is 11 a factor of 1783804?
True
Does 287 divide 976948?
True
Does 59 divide 2257989?
True
Is 100908 a multiple of 12?
True
Is 756058 a multiple of 55?
False
Is 144 a factor of 347904?
True
Is 4444057 a multiple of 59?
True
Does 2 divide 11370?
True
Does 184 divide 19821584?
True
Is 371879 a multiple of 16?
False
Does 440 divide 38495?
False
Is 2553452 a multiple of 886?
True
Is 145303 a multiple of 76?
False
Does 96 divide 3791957?
False
Is 584 a factor of 5459411?
False
Is 382297 a multiple of 94?
False
Is 411110 a multiple of 5?
True
Is 40 a factor of 1565320?
True
Is 15066 a multiple of 27?
True
Is 1035828 a multiple of 36?
True
Is 68 a factor of 502557?
False
Does 15 divide 340935?
True
Is 138 a factor of 2856369?
False
Is 101898 a multiple of 18?
True
Is 173 a factor of 187114?
False
Does 9 divide 2497635?
True
Does 15 divide 1093253?
False
Is 424513 a multiple of 160?
False
Is 4226 a multiple of 21?
False
Is 57165 a multiple of 29?
False
Does 176 divide 281754?
False
Is 5 a factor of 3903684?
False
Is 2226464 a multiple of 4?
True
Is 21 a factor of 1041878?
False
Is 44 a factor of 118917?
False
Does 73 divide 14960?
False
Is 624200 a multiple of 40?
True
Is 2612628 a multiple of 108?
True
Does 136 divide 3791303?
False
Is 276 a factor of 371772?
True
Is 56 a factor of 273672?
True
Is 4 a factor of 223392?
True
Does 87 divide 5820083?
False
Is 922 a factor of 2478336?
True
Does 2 divide 178994?
True
Is 281 a factor of 1180340?
False
Is 949743 a multiple of 16?
False
Is 14 a factor of 147276?
False
Is 3986575 a multiple of 25?
True
Is 1163094 a multiple of 132?
False
Does 96 divide 980448?
True
Is 3 a factor of 105082?
False
Is 136392 a multiple of 4?
True
Is 22 a factor of 19435?
False
Does 88 divide 908336?
True
Is 113088 a multiple of 24?
True
Does 12 divide 99264?
True
Is 18 a factor of 100444?
False
Is 52 a factor of 2739257?
False
Does 14 divide 480702?
False
Is 45402 a multiple of 282?
True
Is 1639 a factor of 13186978?
False
Is 672 a factor of 997299?
False
Is 4439617 a multiple of 91?
True
Is 107 a factor of 8183?
False
Is 2347510 a multiple of 11?
True
Is 71700 a multiple of 422?
False
Does 52 divide 758929?
False
Is 1173011 a multiple of 83?
False
Is 24 a factor of 3134495?
False
Is 560 a factor of 7274960?
True
Is 707472 a multiple of 12?
True
Is 3 a factor of 12333?
True
Is 4 a factor of 756040?
True
Is 13 a factor of 34929?
False
Is 10386398 a multiple of 257?
True
Is 120 a factor of 685226?
False
Is 256 a factor of 465664?
True
Does 74 divide 928827?
False
Does 6 divide 3385680?
True
Does 8 divide 53512?
True
Does 44 divide 9904840?
True
Is 94 a factor of 1054527?
False
Is 26 a factor of 4232158?
False
Is 71 a factor of 7739?
True
Is 2299406 a multiple of 215?
False
Is 7 a factor of 259361?
False
Is 13 a factor of 546195?
True
Is 235320 a multiple of 185?
True
Does 44 divide 285076?
True
Does 58 divide 1104289?
False
Is 46 a factor of 234508?
True
Is 3529559 a multiple of 839?
False
Does 4 divide 102494?
False
Does 876 divide 1788669?
False
Is 19 a factor of 527693?
False
Is 7783920 a multiple of 684?
True
Does 15 divide 7922492?
False
Is 105820 a multiple of 286?
True
Is 3477056 a multiple of 92?
False
Is 62480 a multiple of 88?
True
Is 3914285 a multiple of 212?
False
Is 4 a factor of 3956?
True
Is 612 a factor of 2979216?
True
Is 9 a factor of 7560423?
True
Is 8875144 a multiple of 194?
False
Is 731 a factor of 589186?
True
Does 249 divide 4543752?
True
Does 196 divide 1626496?
False
Does 23 divide 7636?
True
Is 202 a factor of 2166450?
True
Is 88319 a multiple of 11?
True
Is 3280420 a multiple of 310?
True
Is 592 a factor of 347092?
False
Is 1344034 a multiple of 1658?
False
Is 530 a factor of 979881?
False
Does 264 divide 477252?
False
Is 475730 a multiple of 9?
False
Is 19 a factor of 1283374?
True
Is 51 a factor of 408446?
False
Does 1149 divide 5946379?
False
Does 27 divide 20561553?
True
Does 11 divide 324390?
True
Is 9 a factor of 58187?
False
Does 255 divide 3830446?
False
Is 424593 a multiple of 191?
True
Is 121814 a multiple of 49?
True
Is 11 a factor of 113602?
False
Is 94357 a multiple of 7?
False
Does 154 divide 126742?
True
Does 145 divide 188065?
True
Is 417 a factor of 12400?
False
Is 13 a factor of 7168436?
False
Is 152 a factor of 2505416?
True
Does 30 divide 10910434?
False
Does 85 divide 139951?
False
Is 21 a factor of 326580?
False
Is 6 a factor of 2244383?
False
Is 1698712 a multiple of 9?
False
Does 11 divide 1259621?
True
Is 1449987 a multiple of 21?
True
Is 28 a factor of 3806292?
True
Is 1134768 a multiple of 53?
False
Does 80 divide 2841120?
True
Is 19 a factor of 257828?
False
Is 203 a factor of 100485?
True
Is 24 a factor of 266568?
True
Does 52 divide 2240992?
True
Is 826444 a multiple of 673?
True
Does 675 divide 476550?
True
Is 42 a factor of 1302276?
False
Does 166 divide 16242934?
True
Is 145 a factor of 57855?
True
Is 19967066 a multiple of 2381?
True
Does 15 divide 160125?
True
Is 35 a factor of 1416065?
True
Is 6 a factor of 50610?
True
Is 427600 a multiple of 1004?
False
Does 44 divide 211904?
True
Is 15 a factor of 354910?
False
Is 500 a factor of 1528500?
True
Does 2 divide 102004?
True
Is 10 a factor of 111320?
True
Is 24 a factor of 53616?
True
Is 8648582 a multiple of 503?
True
Is 2092080 a multiple of 758?
True
Is 366 a factor of 6175101?
False
Does 293 divide 2053856?
False
Is 251 a factor of 289152?
True
Is 318059 a multiple of 211?
False
Is 301038 a multiple of 766?
True
Is 17789 a multiple of 9?
False
Does 22 divide 7586304?
True
Is 18 a factor of 10008296?
False
Is 142 a factor of 3637?
False
Is 18569292 a multiple of 159?
True
Does 41 divide 4974694?
True
Does 46 divide 1616946?
True
Is 788375 a multiple of 425?
True
Is 60881 a multiple of 103?
False
Is 35512492 a multiple of 145?
False
Does 379 divide 46402?
False
Is 185 a factor of 18545?
False
Is 14344620 a multiple of 181?
False
Is 98 a factor of 172844?
False
Is 185879 a multiple of 21?
False
Is 26 a factor of 130884?
True
Is 2558961 a multiple of 859?
True
Is 28 a factor of 59848?
False
Does 261 divide 87679?
False
Is 9103 even?
False
Is 1224468 a multiple of 301?
True
Is 29 a factor of 98450?
False
Is 10 a factor of 35519?
False
Is 108900 a multiple of 495?
True
Is 334764 a multiple of 51?
True
Is 998448 a multiple of 8?
True
Is 14886177 a multiple of 1125?
False
Does 22 divide 139902?
False
Is 15 a factor of 114361?
False
Is 16 a factor of 41176?
False
Does 101 divide 3006164?
True
Does 245 divide 3288652?
False
Is 341300 a multiple of 50?
True
Is 2439420 a multiple of 10?
True
Does 6 divide 1095838?
False
Is 48 a factor of 8295984?
True
Does 68 divide 49572?
True
Is 148 a factor of 232952?
True
Is 52980 a multiple of 15?
True
Does 10 divide 22517730?
True
Is 6 a factor of 702711?
False
Does 11 divide 66286?
True
Is 4316235 a multiple of 21?
True
Is 35 a factor of 742175?
True
Does 3 divide 31464?
True
Is 37 a factor of 5765266?
True
Is 8 a factor of 2136756?
False
Does 3 divide 58137?
True
Is 2325 a factor of 5450440?
False
Is 2292476 a multiple of 1029?
False
Is 214520 a multiple of 124?
True
Is 18220352 a multiple of 232?
True
Does 4 divide 4926300?
True
Is 2 a factor of 3334891?
False
Is 68 a factor of 989379?
False
Is 136 a factor of 1612280?
True
Does 54 divide 7232868?
True
Is 244 a factor of 218141?
False
Is 58 a factor of 64128?
False
Is 3 a factor of 5253?
True
Is 22 a factor of 54076?
True
Does 1022 divide 4915079?
False
Is 3354959 a multiple of 63?
False
Does 95 divide 14